2*p - 5*b + 85 - 256 = 0. Is p a prime number?
False
Let m(g) = 501*g**2 + 7*g - 6. Let l be m(2). Let t = l - 861. Is t a composite number?
False
Suppose 0*k - 5 = -k. Suppose k*l - 16 = 19. Is (-48)/(-7) - (-1)/l composite?
False
Let m = -207 + -128. Let k = m - -630. Is k composite?
True
Let t = -9 + 11. Suppose -4*d + 2 = -l, 0*l + 5*d = l + t. Is 3 + l + 10 - 0 prime?
True
Let c(h) be the third derivative of h**6/120 - h**5/10 + 5*h**4/24 - h**3/3 - 2*h**2. Let g be c(5). Is g/2 - 5724/(-6) a prime number?
True
Let y(g) = -175*g - 18. Let f(p) = -349*p - 35. Let s(a) = 3*f(a) - 5*y(a). Is s(-8) prime?
True
Let k = -14 + 21. Let q(a) = 250*a - 9. Is q(k) a prime number?
True
Let u(a) be the third derivative of -8*a**2 + 0*a + 0 + 3/8*a**4 - 5/3*a**3. Is u(7) composite?
False
Let j = -818 + 2229. Is j prime?
False
Let q(l) = -l**3 + 14*l**2 - 10*l - 15. Let t be q(12). Suppose -b = -t - 81. Let f = b - 71. Is f a prime number?
True
Let v be (-6)/(-14) - (-540)/(-84). Let z be (-56)/(-16) - v/(-4). Suppose 0 = 4*q - z*q - 102. Is q prime?
False
Suppose -5*q - 5*m = -q - 145162, 4*m + 181473 = 5*q. Is q a prime number?
True
Let q(i) = 10*i**2 + 15*i - 1. Is q(-12) prime?
True
Is (1803061/117 - -4) + (-4)/(-18) composite?
True
Suppose 0 = h + 4*x - 13, 3*h - 7*h + 18 = -x. Suppose -h*d = -2271 + 16. Is d a prime number?
False
Let k(d) = -d - 16. Let m be k(-17). Is 200 - m - 10/(-5) composite?
True
Let y be -4*(-214)/(-8)*-74. Suppose -10*o - y = -23508. Is o a composite number?
False
Suppose 8 = 2*v - 0*v. Suppose 0 = 5*n - 5, 636 = -2*l + v*l + 2*n. Is l a prime number?
True
Let h(m) = -43*m - 22. Let a be h(8). Is (-1)/(-1) - (-27 + a) composite?
True
Let z(b) = 29*b**3 + 8*b**2 + 15*b + 7. Is z(5) composite?
False
Let c(m) = -151*m**3 - 8*m**2 + 15*m + 74. Is c(-5) a composite number?
True
Suppose 2*c + j = 1, 2*c + 3*j + 14 = -j. Let v be (-5 - 6)*c/(-3). Suppose -14*m + v*m + 258 = 0. Is m prime?
False
Let n = 1971 + -157. Is n composite?
True
Suppose 0 = r + 1 - 5. Let f be 12/8 - 10/r. Let j = 8 + f. Is j a prime number?
True
Let w(v) = 2*v**2 - 2*v - 3. Let a be w(-3). Let b = a + 0. Let r = b + 140. Is r a prime number?
False
Let i(w) = -7*w**3 - 4*w**2 - 7*w - 5. Let b = 10 + -23. Let g = b - -9. Is i(g) a prime number?
False
Let n(u) = -8*u**2 - 9*u - 15 + 7*u**2 - 14*u. Let w be n(-18). Is (w/12)/((-8)/(-32)) a prime number?
False
Let u = -79 - -83. Suppose 4*k + 1576 = u*a, -4*a + 373 = -2*k - 1201. Is a a composite number?
True
Suppose 601 = -2*f - 4*x - 1627, 3*f - 3*x = -3306. Let q(y) = 190*y + 145. Let j be q(8). Let o = f + j. Is o a prime number?
False
Let o be 8/9*(-27)/(-6). Let a(u) be the third derivative of 7*u**5/30 - u**4/6 + u**3/2 + u**2. Is a(o) composite?
False
Let m(r) = 557*r - 45. Is m(4) prime?
False
Suppose 35*s + 396466 = 49*s. Is s prime?
True
Let c be (-1)/(-2) - 318/(-4). Suppose -3*w = 15, 14 + 6 = -4*v - 4*w. Suppose v = 2*f + c - 348. Is f prime?
False
Let m(j) = j**3 + 3*j**2 - 2*j - 2. Let u be m(-3). Suppose 0 = 3*a - u + 1, 2*g - 3 = 5*a. Suppose -y - 795 = -g*y. Is y a composite number?
True
Let y(v) be the first derivative of 419*v**3/3 - v**2 - v - 3. Let p be y(-1). Let a = p + -241. Is a prime?
True
Let q = -7 - -14. Suppose -135 = -q*i + 2504. Is i composite?
True
Suppose 0 = -4*q - 18 + 46. Suppose 0 = q*n - 3496 - 9433. Is n a composite number?
False
Suppose 0 = -10*a - 9534 + 106844. Is a prime?
False
Let a(p) = 47*p**2 - 14*p + 13. Is a(-9) composite?
True
Let q(d) = -137*d - 324. Is q(-7) prime?
False
Let p be 3 + 415 + -4 - 1. Let f = p + -222. Is (f - (-1 - -1))*1 a prime number?
True
Let o(b) = 5*b - 16. Let h be o(3). Is ((-293)/(-2)*-1)/h*2 prime?
True
Let s(g) be the second derivative of 0 - g - 61/6*g**3 + 8*g**2. Is s(-5) a prime number?
False
Suppose 7*t - 2*t + 10 = -5*v, -4*v = 3*t + 10. Let o(s) = 3*s**t - 2*s**2 + 2*s - 19*s**3 + 2 - 1. Is o(-1) composite?
False
Let y = -2799 - -7858. Is y composite?
False
Let w be (-1)/(-4) - (-2)/((-40)/(-46775)). Suppose w + 1051 = 6*r. Is r a composite number?
True
Let n be (219 + -3)/(6/4). Suppose j + z - n = 0, 2*j - 5*j + 4*z = -397. Is j composite?
False
Let r be -1*(1 - (1 + 2)). Suppose r = v - 1. Suppose 3*f - 141 + 30 = v*g, f - 25 = -5*g. Is f prime?
False
Let f be 6/1 + (-2)/2. Suppose -f*p = -4*p - 184. Let h = 313 - p. Is h composite?
True
Suppose -5*r + 2*w = -31759, -4*w = -5*r - 0*r + 31753. Is r composite?
False
Let v be 40/12*3*452/10. Let l = v + -321. Is l composite?
False
Let m = -9 - -11. Let d be 3/2 - m/(-4). Suppose d*u - 371 = 75. Is u a composite number?
False
Suppose -10481 - 12 = -7*j. Is j a prime number?
True
Let d be 2 - (-5)/((-5)/(-162)). Suppose 0 = -f - y + 8, -f = 2*f - 5*y. Suppose -f*s + d = -171. Is s prime?
True
Let b = 29 - 13. Let i = b - 23. Let d = i + 74. Is d prime?
True
Suppose t + 4*t = -3*o + 20, 0 = t - 1. Suppose 5*h - 1031 = b + 206, -4*h + o*b = -998. Is h a composite number?
True
Suppose s = 5*k - 10*k + 32732, 32744 = 5*k - 3*s. Is k composite?
False
Let w(d) = -d**3 + 8*d**2 + d - 1. Let m be w(-9). Suppose 5*l = -2*k + m, -4*l + 682 = k - 0*l. Let a = k + -475. Is a composite?
False
Suppose -6*f - 30 = -9*f. Suppose 0 = 5*j - f + 25, 4*j - 682 = -k. Is k composite?
True
Let m(h) = 228*h**2 - 27*h + 55. Is m(6) prime?
True
Suppose 2*f + 4015 = -b, -5*f = -6*f + 5*b - 1991. Let j = f + 4377. Is j a prime number?
True
Let j = 496 + -502. Let b(m) = 19*m**2 + 10*m + 17. Let u(a) = -57*a**2 - 30*a - 50. Let l(s) = -17*b(s) - 6*u(s). Is l(j) a composite number?
True
Is ((-2)/(12/(-179610)))/1 a composite number?
True
Let k(d) = d**3 + d**2 - 3*d + 3. Let f be k(2). Let r = f - 1. Let g(a) = 19*a + 5. Is g(r) composite?
False
Suppose -14*v = 45*v - 2152379. Is v a composite number?
True
Let t be ((-2)/4)/(1/(-8)). Suppose 115 = t*o + o. Suppose -217 = -3*q + 5*x, -55 = -q - 4*x + o. Is q a composite number?
True
Let i(p) = -p**3 + 18*p**2 + 25*p - 7. Let k = 10 + 7. Is i(k) prime?
False
Suppose 0 = -5*p + 63046 - 17951. Is p composite?
True
Suppose -5637 = -5*f + 1493. Let a = -872 + f. Is a prime?
False
Let x = 15 + -15. Let y be (x - (-21 - -1))*1. Let l = -18 + y. Is l composite?
False
Suppose 0 = 3*p + 4*q + 6, p + 2*p - 21 = 5*q. Suppose -4*h - 5*k + 2717 = 0, -8*h + 3*h + 3388 = -p*k. Let v = 1015 - h. Is v a composite number?
False
Let s = 21777 - 9176. Is s prime?
True
Suppose 2*l + 2*g + 77 = 7*g, 0 = 4*l + 5*g + 79. Let d = -24 - l. Suppose -d*h = -143 + 27. Is h a composite number?
True
Let h = -1312 - -3159. Is h prime?
True
Let z(a) = -19*a + 3. Let v(s) = 18*s - 3. Let g(l) = -3*v(l) - 2*z(l). Is g(-3) a prime number?
False
Let y = -4662 + 7856. Is y composite?
True
Let l = -132 + 194. Suppose 2*w = 4*w - l. Suppose -d + 31 = -2*b, -d - 4*b = -2*d + w. Is d a prime number?
True
Suppose 5*b - 4 = 4*z, 4*b + 6*z = 3*z + 28. Suppose b*x = 99 + 25. Is x prime?
True
Suppose 0 = s + 3*s - 5*k - 5, 0 = -5*s + 5*k. Let y(d) be the second derivative of -9*d**3/2 + 2*d**2 - d. Is y(s) a composite number?
False
Let m = 5 + -6. Let q be (-821)/m + (-3)/(-3). Is q/10 - (-8)/10 prime?
True
Suppose 2*m + 12 = 8*m. Suppose -4*n + 4*v + 1196 = 0, 0 = m*n - 3*n - v + 299. Is n prime?
False
Suppose -a + 5*z = -47, 5*a + z + 2*z - 263 = 0. Suppose -a*p = -56*p + 21552. Suppose 0*y - y - 5*x = -1792, -3*x + p = 3*y. Is y a prime number?
False
Let k(o) = -o**3 - o**2 - 4*o + 2. Let s(z) = 2*z**3 + 3*z - 3. Let b(a) = -4*k(a) - 3*s(a). Let n(u) = 10*u + 34. Let d be n(-4). Is b(d) a prime number?
False
Suppose -37 = -5*s + 5*q - 12, 2*s - 4*q - 14 = 0. Let o(g) = 4*g - 2. Let z be o(s). Is 2364/30 + 2/z composite?
False
Let b(o) = 1708*o**2 - 8*o - 5. Is b(-3) composite?
False
Suppose -12*y + 737 = -187. Is 2*y/2 - 0/1 a prime number?
False
Suppose 17*h = 5*h + 36876. Is h a prime number?
False
Let h(d) = -d**3 - 6*d**2 - 7*d - 26. Let z be h(-9). Suppose -4*m - 6 = -2*m, -5*t + z = -5*m. Is t a prime number?
True
Suppose 2*n + 2*n = 16. Let v(o) be the first derivative of 25*o**3/3 - 5*o**2/2 + o - 5. Is v(n) prime?
False
Suppose 207 = 8*t + 79. Let b(l) = 168*l + 58. Is b(t) a prime number?
False
Let l be (-36438)/(-8) + 2/8. Suppose 20*w = 3625 + l. Is w composite?
False
Let m(g) be the